Calculate (-4 + -2 - -9) + -9 + 0.
-6
What is the value of -14 + (-13 - -33) + -1?
5
What is the value of -11 - -12 - (10 - 0)?
-9
(-5 - (10 - ((13 - 6) + -3))) + 0
-11
What is -15 + -1 + -7 + (-6 - -13)?
-16
(3 - (-2 + (-7 - -19))) + -17
-24
-8 + 9 + -3 + 10 + -14
-6
Calculate 37 + -65 + 32 - (0 - -16).
-12
(-26 - -7) + 5 - (-16 - 1)
3
Evaluate (-58 - 8) + 105 + -65.
-26
Calculate 1 + ((-3 - -2) + (-5 - 1) - 7).
-13
Evaluate -25 + (1 - -12 - -22).
10
11 + -12 + 2 + -1
0
0 + -1 + -16 + (-72 - -73)
-16
What is the value of 0 + -6 + 0 + 6 + 6 + -9?
-3
What is -30 - (-25 + -22) - -12?
29
What is the value of -31 + 21 + (-3 - -11)?
-2
What is -8 - (1 + -3 - (4 - 8))?
-10
What is the value of 6 + (-38 - -37 - (-2 - (-1 - -1)))?
7
Evaluate -3 + (2 - 1) + 4 + -4 - -9.
7
What is (-4 - (-2 + 0 + -7)) + (-24 - 15)?
-34
What is -5 + (-23 - -3 - -12) + -2?
-15
What is 96 + -73 + 8 + -12 + 7?
26
11 + -1 + 4 + 52 + -67
-1
Calculate -38 + -4 + -4 - (-16 - -3).
-33
Calculate (0 - -18) + -2 + -4 + 19 + -16.
15
Evaluate -19 - ((1 - (-5 - 0)) + -16).
-9
Evaluate 171 + -154 - (0 - -12).
5
253 + -270 - (-6 + 0)
-11
Evaluate -8 + 0 - ((-3 + -1 - -11) + -8).
-7
(7 - (-9 + 14)) + -25 + 6
-17
Evaluate (1 - -7) + -48 + 53.
13
6 + -22 + 4 + 3 + 3 + 13
7
What is 2 - (3 + (4 - 2) + 0 + 2)?
-5
What is the value of -2 + 0 + -9 + 6 + -1?
-6
Evaluate -19 + 41 - 38 - 20.
-36
Evaluate 12 + -117 + 72 + 1 + 11.
-21
Calculate (-1 - -10 - 4) + (-5 - (2 - -31)).
-33
Evaluate (-1 - -4) + (2 - -2) + -9 + 11.
9
Evaluate -16 - -5 - (32 + -59).
16
Calculate (-8 - -7 - -7 - 10) + 19.
15
Evaluate 0 + 3 + -22 - 0.
-19
What is the value of 8 - (0 - (-1 + 3 - (6 - -16)))?
-12
-37 - (-44 - (3 + -27))
-17
Evaluate 30 + (5 - 10) + -41.
-16
6 + -8 + (-4 - 0) + -4 + -3
-13
3 + (-3 - 8 - -2) + (-117 - -118)
-5
What is (-25 - -2) + (-95 - -112) + 12 + 2?
8
Evaluate -11 + 8 - 4 - (0 - (3 - 0)).
-4
What is (-7 + 7 + -8 - -8) + 2?
2
Calculate 2 + -28 + 12 + -5.
-19
What is the value of 4 + -8 + 16 + -4 + -8?
0
-4 + -3 + -2 + 4 - (9 + 1)
-15
Calculate 6 - (-1 + -3 + 0 - 7).
17
What is 2 + (47 - 16) + -17?
16
What is 6 + (-2 + 8 - (-20 - (-47 - -28)))?
13
(-60 - -44) + 8 + 18
10
Calculate -10 + -10 - -7 - -1.
-12
What is the value of 15 + (15 - 6 - (36 + -30))?
18
Calculate (-4 - (2 + 3)) + (-3 + -3 - -9).
-6
Evaluate (9 - 0) + -6 + -9 + 2.
-4
(7 - -1) + -18 - (-9 + -1)
0
What is the value of 15 - (5 - -1) - 12 - -10?
7
Calculate 9 + (23 - 7) + -8.
17
8 + 0 + -3 + 0
5
What is the value of 23 - (2 - -6) - 13?
2
Calculate -22 - -20 - (2 + (-3 - 0 - 4)).
3
What is 1 + 14 - (-8 - (6 - (3 + 9)))?
17
Calculate 1 - -4 - -3 - -1.
9
What is -3 + 0 + -11 + 7 + -1 - -6?
-2
Evaluate 91 + -96 + (-3 - 0 - -4).
-4
19 - (1 + 5 + (4 + -4 - -1))
12
What is (4 - (-5 - -8)) + 3 + -5 + 6?
5
What is (-1 - -2) + (-7 - (-1 + -23) - -3)?
21
What is the value of (-59 - -46) + 3 + -5?
-15
What is the value of 3 + (-10 - -4) + 10?
7
Calculate (4 - 1) + -3 - (3 - (-12 + 4)).
-11
Calculate 1 + -6 + (34 - (-9 - (-19 - -9))).
28
What is 44 + (-120 - -84) - (2 - -34 - -2)?
-30
Evaluate 17 + 20 + -22 + 4.
19
What is the value of 7 + (0 - 5) + -10 + 11 + 0?
3
Calculate -1 + (-4 - -15) + (2 - 16).
-4
What is -871 - -869 - (-23 - 0)?
21
What is the value of 6 - 12 - (4 - -2)?
-12
What is the value of 12 + -3 + -1 + (-7 - -40) + -26?
15
Evaluate (-3 - (1 - 10)) + 4 + -35 + 3.
-22
Calculate -10 - (9 - (-15 - -34)).
0
-86 + 84 + (-1 - (-12 - 1))
10
Calculate (2 - 1) + -5 + 10 + -12.
-6
What is the value of (-3 - 1) + 340 + -340?
-4
Calculate (-5 - -8) + (-1 - 1) - 7 - 3.
-9
What is the value of 1 - (-1 - -26) - (26 + (-37 - -8))?
-21
What is the value of -15 - (-9 - 8) - 2?
0
Evaluate 3 + (-7 - (-16 + 6)) + 4.
10
What is the value of 0 - -8 - (7 - 19 - (4 + -8))?
16
-1 - 20 - (-10 - (12 - (18 - 2)))
-15
(33 - 23) + (-1 - 5) - -1
5
24 - (-29 + 41 + -8)
20
(7 - 8) + (-21 - -4)
-18
What is the value of -39 - (38 - (24 - -82))?
29
4 - ((2 + 0 - 1) + (-57 - -46))
14
What is 22 + (-2 - 14 - 7)?
-1
What is 23 - 21 - ((-10 - -1) + 7)?
4
Evaluate 6 + -1 + (12 - 14) - (-1 - 4).
8
What is 201 + -225 + (22 - -3)?
1
(-11 - (19 - 21)) + 4
-5
228 + -198 - (2 - 0)
28
Evaluate 10 + 9 + -2 + -10 - 3.
4
Evaluate 10 - ((-9 - 1) + (-4 - -7)).
17
What is the value of 16 - ((11 - 2) + 0 - (141 - 126))?
22
Evaluate -20 + (31 - 15) - 5.
-9
Evaluate -16 + -6 - (-41 - -33).
-14
Evaluate -17 + -24 + 29 + 3.
-9
Evaluate 0 + -3 - (3 - (3 - -7)) - 0.
4
(-7 + 12 - 12) + (-5 - 0)
-12
(0 + -2 - -16) + 41 + -83
-28
What is (-12 - (-9 + -1)) + (13 - 5) + -29?
-23
What is -11 + (-9 - (-30 + 4)) - (2 + -2)?
6
Calculate -3 - (-28 + 13 - -22).
-10
What is (-99 - -96) + 0 + -4?
-7
What is -3 + (-9 - -4 - 8) + 46?
30
Calculate (-23 - (-30 - -11)) + (0 - 12).
-16
Evaluate (-15 - (-3 - ((-5 - -5) + 0))) + 0.
-12
(-3 + 3 - 3) + (20 - 23)
-6
Evaluate (-2 - (0 - -2)) + (11 - (11 + -4)).
0
What is the value of -1 - (2 - ((11 - 4 - 5) + -10))?
-11
What is the value of -4 + ((9 - -28) + -9 + 2 - -8)?
34
0 + 22 - (-1 - 4) - 8 - 4
15
1 - (9 + 0 - (105 + -103))
-6
(-13 - -17) + -15 - -36 - 8
17
What is the value of (6 - (-2 - -1 - -2) - 12) + 4?
-3
Evaluate 18 + (5 - (30 - 15)).
8
What is the value of (-53 - -39) + -3 + -5 + 2?
-20
Calculate -5 - (3 + 2) - 0.
-10
Evaluate (-5 - 33) + 42 + -35.
-31
Calculate -1 - 1 - (23 + 35 + -58).
-2
What is (-46 - -27) + (17 - -3)?
1
Calculate -96 + 81 + (3 - (-3 + 4) - -2).
-11
Calculate -14 + (-9 - (-10 - 8)).
-5
What is the value of (-2 - -13) + (-113 + 62 - -27)?
-13
Evaluate -1 - -9 - (-21 + 30).
-1
What is the value of -603 + 615 + (0 - -6 - -2)?
20
Calculate 12 - (6 - (17 + -24)) - (6 + 1).
-8
What is the value of (-3 - -1) + 11 + -13 + (-1 - -3)?
-2
Calculate 48 + -22 + -8 - 29.
-11
What is the value of 3 + 3 + 0 + 1 - (-3566 + 3549)?
24
(23 - 12 - 11) + 4
4
-9 - (17 + -6 - (-3 - -3 - -6))
-14
Calculate 16 - 8 - -8 - (2 - -6).
8
What is -2 + -1 - (-24 + 17 - -12)?
-8
Evaluate -1 - (1 - 7 - -9 - -13).
-17
What is (16 + 0 - 0) + -8 + -23 + 33?
18
What is the value of -10 + 13 + -4 + (2 - 1) - -5?
5
What is the value of -25 - ((6 - 8) + -17)?
-6
Calculate 0 + 6 + (-3 - (12 - 6)).
-3
Calculate (3 - 2) + 0 + (-6 - -15).
10
(1 - 19) + (5 - (6 - 4))
-15
Calculate (-9 - 1 - -31) + -4 + -2 + 1.
16
3 - -1 - (-3 + -11 + 5 - -10)
3
Calculate -13 + 2 - (321 + -336).
4
-4 + (64 - 60) + 3 + 0 + 3
6
Evaluate -2 + -7 + 15 + (2 - 2).
6
Calculate -9 + 8 + -13 + 4.
-10
Calculate -32 + (31 - 21) + 1.
-21
What is the value of (-8 - (15 - -5)) + 8?
-20
What is -9 + 1 + (1 - (-2 + 1)) + -11?
-17
Calculate -8 + (-1 - 0) + (-126 - -133).
-2
What is the value of -15 + (-9 - -11) + 24?
11
Evaluate (-4 - 2) + -12 + 17 + -12.
-13
What is -115 - -130 - (-1 - 7 - -3)?
20
What is 10 - (36 + (-7 - 7))?
-12
What is the value of -6 - ((1 + 6 - 6) + -10)?
3
Calculate (3 - 18) + (7 - (10 - 5 - -3)).
-16
Calculate -2 + 1 + -11 - (4 + (-12 - -1)).
-5
-16 + (-6 - (-7 - 20))
5
What is 22 + -29 + (6 - 2 - (-2 + 6))?
-7
Calculate (0 - 6) + 0 - (-4 + 70 + -60).
-12
What is -3 + 5 - 4 - (18 + -2)?
-18
What is -15 + 19 + (0 - 4)?
0
Evaluate -2 + (-11 - -21) + -19.
-11
Calculate 5 - (-14 - -42 - 13).
-10
What is the value of -67 + 68 + (-11 - -1 - 1)?
-10
-214 + 206 + 1 + 2 + -7
-12
What is the value of -6 + -24 - (0 + 3 + (98 - 107))?
-24
Evaluate -56 + 64 + 4 + -3 + 1.
10
What is -1 - (8 + -3 - (26 + -27))?
-7
What is -4 + 44 - (288 - 267)?
19
Calculate -15 + 4 - (-20 - -8).
1
What is the value of -22 - (-8 + 11 + 7 + -9)?
-23
Evaluate -29 + -17 + 26 - -11 - (-39 + -1).
31
Evaluate 15 - (-13 + 11 - -16 - 6).
7
Evaluate 56 + -50 + (1 - 3 - (25 + -4)).
-17
Evaluate -41 + (-38 - -64) + 7 + -1 + 2.
-7
(-9 - -1 - 2) + 92 + -92
-10
What is 1 + (6 - -2 - 4) + 3?
8
Evaluate -5 - (-7 - (-2 + 7)).
7
What is (0 - (-35 - -23)) + 13?
25
-35 + (28 - 13) + 12
-8
0 + -9 - (111 + -121) - 15
-14
27 + (4 - 15 - -3) + -15
4
(-24 - 0 - -12) + 2
-10
What is 6 + 1 - (-28 + -20 - -42)?
13
Evaluate (4 - 2) + (2 - 1) - (19 + -29).
13
What is the value of (-14 - -17 - (0 - (3 - 3))) + 14?
17
Evaluate 0 - (-3 + 5) - (-126 - -113).
11
Evaluate (5 - -1) + -66 + 55 - -1 - 3.
-7
4 + (8 + -11 - 11)
-10
Evaluate 1 - (-6 + 22) - 0.
-15
Evaluate (-1464 - -1455) + 0 + (1 - -14) - -8.
14
Calculate 2 + -8 + 19 + -28 + 6.
-9
What 